{"id":86,"date":"2024-02-02T23:27:50","date_gmt":"2024-02-02T22:27:50","guid":{"rendered":"https:\/\/radymno-nspj.przemyska.pl\/?page_id=86"},"modified":"2024-02-02T23:27:51","modified_gmt":"2024-02-02T22:27:51","slug":"podzial-na-rejony","status":"publish","type":"page","link":"https:\/\/radymno-nspj.przemyska.pl\/index.php\/podzial-na-rejony\/","title":{"rendered":"Podzia\u0142 na rejony"},"content":{"rendered":"\n<p class=\"has-text-align-center has-ti-accent-secondary-color has-text-color has-link-color has-medium-font-size wp-elements-853c6a4421e78f657ead41655c206d06\"><strong>PARAFIA RZYMSKOKATOLICKA<\/strong><\/p>\n\n\n\n<p class=\"has-text-align-center has-ti-accent-secondary-color has-text-color has-link-color has-medium-font-size wp-elements-7bf02e1491ca9ac0534e4c37dc813c38\"><strong>pw. Naj\u015bwi\u0119tszego Serca Pana Jezusa<\/strong><\/p>\n\n\n\n<p class=\"has-text-align-center has-ti-accent-color has-text-color has-link-color has-medium-font-size wp-elements-010ae905322fbd184d60c7d0086632bc\"><strong>PODZIA\u0141 NA REJONY:<\/strong><\/p>\n\n\n\n<p><strong>Rejon I:\u00a0 \u00a0 Patron \u2013\u00a0\u015bw. Andrzej Bobola<\/strong><\/p>\n\n\n\n<p>ulice: &nbsp;&nbsp; Dolna, Lwowska, M\u0142ynarska.<\/p>\n\n\n\n<p><strong>Rejon II:\u00a0Patron \u2013\u00a0\u015bw. J\u00f3zef Sebastian Pelczar<\/strong><\/p>\n\n\n\n<p>ulice: &nbsp;&nbsp; Akacjowa, Jagodowa, Jana Paw\u0142a II, Jesienna, Kasztanowa, Kolejowa, Kr\u00f3lowej Jadwigi, Letnia, Pogodna, Wietrzna, Wiosenna, Wi\u015bniowa, Zimowa oraz Sko\u0142osz\u00f3w. &nbsp;&nbsp;&nbsp;&nbsp;&nbsp;&nbsp;&nbsp;&nbsp;&nbsp;&nbsp;&nbsp;&nbsp;<\/p>\n\n\n\n<p><strong>Rejon III:\u00a0\u00a0Patron \u2013\u00a0\u015bw. Faustyna Kowalska<\/strong><\/p>\n\n\n\n<p>ulice: &nbsp;&nbsp; &nbsp;Tysi\u0105clecia i Z\u0142ota G\u00f3ra.<\/p>\n\n\n\n<p><br><strong>Rejon IV:\u00a0\u00a0Patron \u2013\u00a0\u015bw.\u00a0 Ma\u0142gorzata Alacoque<\/strong><\/p>\n\n\n\n<p>ulice: &nbsp;&nbsp;&nbsp;&nbsp; Budowlanych, Piaskowa, Pla\u017cowa, &nbsp;Rybacka, Zasanie, Zielona.<\/p>\n\n\n\n<p>\u00a0\u00a0\u00a0\u00a0\u00a0\u00a0\u00a0\u00a0\u00a0\u00a0\u00a0\u00a0\u00a0\u00a0\u00a0\u00a0\u00a0\u00a0\u00a0\u00a0\u00a0\u00a0\u00a0\u00a0\u00a0\u00a0\u00a0\u00a0\u00a0<br><strong>Rejon V:\u00a0\u00a0 \u00a0Patron \u2013\u00a0\u015bw. Jan z Dukli<\/strong><\/p>\n\n\n\n<p>os. Jagie\u0142\u0142y: &nbsp;&nbsp;&nbsp;&nbsp;&nbsp; bloki od 1 do 8.<\/p>\n\n\n\n<p><br><strong>Rejon VI:\u00a0\u00a0Patron \u2013\u00a0b\u0142. Jan Wojciech Balicki<\/strong><\/p>\n\n\n\n<p>os. Jagie\u0142\u0142y: &nbsp;&nbsp;&nbsp;&nbsp;&nbsp; bloki od 9 do 13.<\/p>\n\n\n\n<p><strong><br>Rejon VII:\u00a0\u00a0Patron \u2013\u00a0b\u0142. Bronis\u0142aw Markiewicz<\/strong><\/p>\n\n\n\n<p>os. Jagie\u0142\u0142y: &nbsp;&nbsp;&nbsp;&nbsp;&nbsp; bloki od 14 do 16.<\/p>\n\n\n\n<p><br><strong>Rejon VIII:\u00a0Patron \u2013\u00a0b\u0142. W\u0142adys\u0142aw Findysz<\/strong><\/p>\n\n\n\n<p>os. Jagie\u0142\u0142y: &nbsp;&nbsp;&nbsp;&nbsp;&nbsp; bloki od 17 do 19.&nbsp;&nbsp;&nbsp;<\/p>\n","protected":false},"excerpt":{"rendered":"<p>PARAFIA RZYMSKOKATOLICKA pw. Naj\u015bwi\u0119tszego Serca Pana Jezusa PODZIA\u0141 NA REJONY: Rejon I:\u00a0 \u00a0 Patron \u2013\u00a0\u015bw. Andrzej Bobola ulice: &nbsp;&nbsp; Dolna, Lwowska, M\u0142ynarska. Rejon II:\u00a0Patron \u2013\u00a0\u015bw. J\u00f3zef Sebastian Pelczar ulice: &nbsp;&nbsp; Akacjowa, Jagodowa, Jana Paw\u0142a II, Jesienna, Kasztanowa, Kolejowa, Kr\u00f3lowej Jadwigi, Letnia, Pogodna, Wietrzna, Wiosenna, Wi\u015bniowa, Zimowa oraz Sko\u0142osz\u00f3w. &nbsp;&nbsp;&nbsp;&nbsp;&nbsp;&nbsp;&nbsp;&nbsp;&nbsp;&nbsp;&nbsp;&nbsp; Rejon &hellip;<\/p>\n","protected":false},"author":1,"featured_media":0,"parent":0,"menu_order":0,"comment_status":"closed","ping_status":"closed","template":"","meta":{"footnotes":""},"_links":{"self":[{"href":"https:\/\/radymno-nspj.przemyska.pl\/index.php\/wp-json\/wp\/v2\/pages\/86"}],"collection":[{"href":"https:\/\/radymno-nspj.przemyska.pl\/index.php\/wp-json\/wp\/v2\/pages"}],"about":[{"href":"https:\/\/radymno-nspj.przemyska.pl\/index.php\/wp-json\/wp\/v2\/types\/page"}],"author":[{"embeddable":true,"href":"https:\/\/radymno-nspj.przemyska.pl\/index.php\/wp-json\/wp\/v2\/users\/1"}],"replies":[{"embeddable":true,"href":"https:\/\/radymno-nspj.przemyska.pl\/index.php\/wp-json\/wp\/v2\/comments?post=86"}],"version-history":[{"count":1,"href":"https:\/\/radymno-nspj.przemyska.pl\/index.php\/wp-json\/wp\/v2\/pages\/86\/revisions"}],"predecessor-version":[{"id":88,"href":"https:\/\/radymno-nspj.przemyska.pl\/index.php\/wp-json\/wp\/v2\/pages\/86\/revisions\/88"}],"wp:attachment":[{"href":"https:\/\/radymno-nspj.przemyska.pl\/index.php\/wp-json\/wp\/v2\/media?parent=86"}],"curies":[{"name":"wp","href":"https:\/\/api.w.org\/{rel}","templated":true}]}}