{"id":210,"date":"2024-02-09T12:46:44","date_gmt":"2024-02-09T11:46:44","guid":{"rendered":"https:\/\/radymno-nspj.przemyska.pl\/?page_id=210"},"modified":"2024-10-17T15:21:45","modified_gmt":"2024-10-17T13:21:45","slug":"o-projekcie","status":"publish","type":"page","link":"https:\/\/radymno-nspj.przemyska.pl\/index.php\/projekt-przyjazny-dom\/o-projekcie\/","title":{"rendered":"O projekcie"},"content":{"rendered":"<div class=\"wp-block-image\">\n<figure class=\"aligncenter size-large\"><img loading=\"lazy\" decoding=\"async\" width=\"1024\" height=\"83\" src=\"https:\/\/radymno-nspj.przemyska.pl\/wp-content\/uploads\/2024\/05\/image-1-1024x83.png\" alt=\"\" class=\"wp-image-439\" srcset=\"https:\/\/radymno-nspj.przemyska.pl\/wp-content\/uploads\/2024\/05\/image-1-1024x83.png 1024w, https:\/\/radymno-nspj.przemyska.pl\/wp-content\/uploads\/2024\/05\/image-1-300x24.png 300w, https:\/\/radymno-nspj.przemyska.pl\/wp-content\/uploads\/2024\/05\/image-1-768x62.png 768w, https:\/\/radymno-nspj.przemyska.pl\/wp-content\/uploads\/2024\/05\/image-1-784x63.png 784w, https:\/\/radymno-nspj.przemyska.pl\/wp-content\/uploads\/2024\/05\/image-1.png 1459w\" sizes=\"(max-width: 1024px) 100vw, 1024px\" \/><\/figure><\/div>\n\n\n<div class=\"wp-block-group has-text-color has-link-color wp-elements-1d5614ffd13b924a7283dcf75befed6e is-layout-constrained wp-block-group-is-layout-constrained\" style=\"color:#110589\"><div class=\"wp-block-group__inner-container\">\n<p class=\"has-text-align-center has-text-color has-link-color wp-elements-3ee3767d1ffbc3dde63c549233138136\" style=\"color:#092eb3;font-size:30px\"><strong>PROJEKT PT. PRZYJAZNY DOM<\/strong><\/p>\n\n\n\n<p class=\"has-text-align-center has-text-color has-link-color wp-elements-f3251c1d7560e0f1ac73bfd76a657b6a\" style=\"color:#092eb3;font-size:19px\"><strong>realizowany w ramach programu<\/strong><\/p>\n\n\n\n<p class=\"has-text-align-center has-text-color has-link-color wp-elements-6efdad022424f670805ffdf880b0de54\" style=\"color:#092eb3;font-size:25px\"><strong>Fundusze Europejskie dla Podkarpacia 2021-2027&nbsp;<br>Priorytet : KAPITA\u0141 LUDZKI GOTOWY DO ZMIAN<\/strong><br><strong>Dzia\u0142anie: Us\u0142ugi spo\u0142eczne i zdrowotne \u015bwiadczone w spo\u0142eczno\u015bci lokalnej<\/strong><\/p>\n\n\n\n<div style=\"height:0px\" aria-hidden=\"true\" class=\"wp-block-spacer\"><\/div>\n\n\n\n<p class=\"has-text-align-center has-text-color has-link-color wp-elements-ef0b8a1ccf6225df12e1a2b14f88b4cc\" style=\"color:#001c81;font-size:19px\"><strong>Umowa o dofinansowanie Projektu nr:&nbsp;FEPK.07.18-IP.01-0040\/23-00<\/strong><\/p>\n<\/div><\/div>\n\n\n\n<div class=\"wp-block-group is-layout-constrained wp-block-group-is-layout-constrained\"><div class=\"wp-block-group__inner-container\">\n<p class=\"has-text-align-center has-headings-color has-text-color has-link-color wp-elements-6be95f7926bf3366d6675a1f76597b91\" style=\"font-size:16px;font-style:normal;font-weight:800\">W okresie od 01.10.2023 r. do 31.12.2026 r. &nbsp; Parafia Rzymskokatolicka pw. Naj\u015bwi\u0119tszego Serca Pana Jezusa w Radymnie realizuje projekt pt. Przyjazny Dom wsp\u00f3\u0142finansowany ze \u015brodk\u00f3w Unii Europejskiej w ramach Europejskiego Fundusz Spo\u0142ecznego Plus.<\/p>\n\n\n\n<p class=\"has-text-align-center has-headings-color has-text-color has-link-color wp-elements-170aa18217451f4af5706b33c351eb36\" style=\"font-size:16px;font-style:normal;font-weight:800\">Celem g\u0142\u00f3wnym projektu jest zwi\u0119kszenie dost\u0119pu do us\u0142ug spo\u0142ecznych i zdrowotnych oraz wzrost aktywno\u015bci spo\u0142ecznej, intelektualnej i fizycznej 36 os\u00f3b potrzebuj\u0105cych wsparcia w codziennym funkcjonowaniu, w tym z powodu wieku, stanu zdrowia, niepe\u0142nosprawno\u015bci, kobiet i m\u0119\u017cczyzn, mieszkaj\u0105cych na terenie powiatu jaros\u0142awskiego (woj. podkarpackie), poprzez udzia\u0142 w zaj\u0119ciach prowadzonych w ramach Dziennego Domu Pomocy w Radymnie w okresie od 1 X 2023 do 31 XII 2026 r.<\/p>\n<\/div><\/div>\n\n\n\n<figure class=\"wp-block-table aligncenter\"><table><tbody><tr><td class=\"has-text-align-center\" data-align=\"center\" colspan=\"2\">Informacje og\u00f3lne<\/td><\/tr><tr><td class=\"has-text-align-center\" data-align=\"center\">Okres realizacji projektu<\/td><td class=\"has-text-align-center\" data-align=\"center\"><strong>01.10.2023 r. \u2013 31.12.2026 r.<\/strong><\/td><\/tr><tr><td class=\"has-text-align-center\" data-align=\"center\">Ca\u0142kowity bud\u017cet projektu<\/td><td class=\"has-text-align-center\" data-align=\"center\"><strong>2 082 304,80 z\u0142<\/strong><\/td><\/tr><tr><td class=\"has-text-align-center\" data-align=\"center\">Wysoko\u015b\u0107 wk\u0142adu Funduszy Europejskich<\/td><td class=\"has-text-align-center\" data-align=\"center\"><strong>1 965 304,80 z\u0142<\/strong><\/td><\/tr><tr><td class=\"has-text-align-center\" data-align=\"center\">Beneficjenci<\/td><td class=\"has-text-align-center\" data-align=\"center\"><strong>Osoby potrzebuj\u0105ce wsparcia w codziennym funkcjonowaniu (w tym z powodu wieku, stanu zdrowia, niepe\u0142nosprawno\u015bci), kt\u00f3re wymagaj\u0105 opieki w zwi\u0105zku z<\/strong> <strong>niemo\u017cno\u015bci\u0105 samodzielnego wykonywania co najmniej jednej<br>z podstawowych czynno\u015bci dnia<\/strong> <strong>codziennego i b\u0119d\u0105ce (w rozumieniu Kodeksu Cywilnego) mieszka\u0144cami pow. jaros\u0142awskiego (woj.<\/strong> <strong>podkarpackie).<\/strong><\/td><\/tr><tr><td class=\"has-text-align-center\" data-align=\"center\">Formy wsparcia<\/td><td class=\"has-text-align-center\" data-align=\"center\"><strong>Organizacja opieki dziennej dla Uczestniczek i Uczestnik\u00f3w &#8211; os\u00f3b potrzebuj\u0105cych wsparcia <\/strong><br><strong>w codziennym funkcjonowaniu poprzez ca\u0142odzienne us\u0142ugi opieku\u0144cze, wsparcie<\/strong> <strong>specjalistyczne oraz aktywizacj\u0119<\/strong><\/td><\/tr><\/tbody><\/table><\/figure>\n\n\n\n<p><strong><a href=\"https:\/\/radymno-nspj.przemyska.pl\/wp-content\/uploads\/2024\/09\/Szczegolowy-harmonogram-udzielania-wsparcia-obrocony.pdf\">Szczeg\u00f3\u0142owy harmonogram udzielania wsparcia\/dzia\u0142a\u0144 w projekcie<\/a><\/strong><\/p>\n\n\n\n<p>#FunduszeEuropejskie #FunduszeEU<\/p>\n","protected":false},"excerpt":{"rendered":"<p>PROJEKT PT. PRZYJAZNY DOM realizowany w ramach programu Fundusze Europejskie dla Podkarpacia 2021-2027&nbsp;Priorytet : KAPITA\u0141 LUDZKI GOTOWY DO ZMIANDzia\u0142anie: Us\u0142ugi spo\u0142eczne i zdrowotne \u015bwiadczone w spo\u0142eczno\u015bci lokalnej Umowa o dofinansowanie Projektu nr:&nbsp;FEPK.07.18-IP.01-0040\/23-00 W okresie od 01.10.2023 r. do 31.12.2026 r. &nbsp; Parafia Rzymskokatolicka pw. Naj\u015bwi\u0119tszego Serca Pana Jezusa w Radymnie &hellip;<\/p>\n","protected":false},"author":3,"featured_media":0,"parent":153,"menu_order":2,"comment_status":"closed","ping_status":"closed","template":"","meta":{"footnotes":""},"_links":{"self":[{"href":"https:\/\/radymno-nspj.przemyska.pl\/index.php\/wp-json\/wp\/v2\/pages\/210"}],"collection":[{"href":"https:\/\/radymno-nspj.przemyska.pl\/index.php\/wp-json\/wp\/v2\/pages"}],"about":[{"href":"https:\/\/radymno-nspj.przemyska.pl\/index.php\/wp-json\/wp\/v2\/types\/page"}],"author":[{"embeddable":true,"href":"https:\/\/radymno-nspj.przemyska.pl\/index.php\/wp-json\/wp\/v2\/users\/3"}],"replies":[{"embeddable":true,"href":"https:\/\/radymno-nspj.przemyska.pl\/index.php\/wp-json\/wp\/v2\/comments?post=210"}],"version-history":[{"count":8,"href":"https:\/\/radymno-nspj.przemyska.pl\/index.php\/wp-json\/wp\/v2\/pages\/210\/revisions"}],"predecessor-version":[{"id":777,"href":"https:\/\/radymno-nspj.przemyska.pl\/index.php\/wp-json\/wp\/v2\/pages\/210\/revisions\/777"}],"up":[{"embeddable":true,"href":"https:\/\/radymno-nspj.przemyska.pl\/index.php\/wp-json\/wp\/v2\/pages\/153"}],"wp:attachment":[{"href":"https:\/\/radymno-nspj.przemyska.pl\/index.php\/wp-json\/wp\/v2\/media?parent=210"}],"curies":[{"name":"wp","href":"https:\/\/api.w.org\/{rel}","templated":true}]}}